e number?
False
Is 27967612187 a composite number?
False
Is 689989097 a prime number?
False
Is 370967881 composite?
False
Is 65446637 composite?
False
Is 10408566979 a composite number?
False
Is 33853986107 a prime number?
True
Is 18760806641 a prime number?
False
Is 7595376235 a prime number?
False
Is 479090581 a prime number?
False
Is 1234967189 composite?
False
Is 5112709087 a prime number?
True
Is 2546375219 a composite number?
True
Is 62890879 a prime number?
False
Is 3428413217 a prime number?
False
Is 2920491809 a composite number?
True
Is 29220289117 a prime number?
False
Is 9840346157 a prime number?
False
Is 15378821011 composite?
False
Is 2866189999 prime?
True
Is 355640937347 a prime number?
True
Is 15710421967 prime?
True
Is 76906697213 a composite number?
True
Is 2241375811 prime?
True
Is 60692911471 a prime number?
False
Is 780315337 a composite number?
True
Is 3848590649 prime?
True
Is 1753593343 prime?
True
Is 3504831007 prime?
False
Is 3067911593 prime?
True
Is 5913833101 composite?
True
Is 122118850349 prime?
False
Is 240377159 a prime number?
False
Is 884498941 composite?
False
Is 6626854855 prime?
False
Is 104650055209 prime?
False
Is 2667285769 a prime number?
False
Is 10883153627 a composite number?
False
Is 1848770303 prime?
False
Is 7084135577 a prime number?
False
Is 66853417283 prime?
True
Is 1083808171 prime?
True
Is 2288195981 prime?
True
Is 13267502977 a composite number?
True
Is 6073639859 a composite number?
True
Is 102635387 a composite number?
False
Is 4778582293 a prime number?
False
Is 23225304829 a composite number?
False
Is 726046859 prime?
True
Is 256641954771 a prime number?
False
Is 12410001161 a prime number?
True
Is 9293535359 a prime number?
True
Is 16938703 prime?
True
Is 7555493 a composite number?
True
Is 365791997 composite?
False
Is 284953876901 a composite number?
True
Is 155677772503 a prime number?
False
Is 19723300049 prime?
False
Is 1053997067 a prime number?
False
Is 6205327949 prime?
True
Is 10679241283 prime?
False
Is 930428449 prime?
True
Is 2007472541 prime?
True
Is 376152461 a composite number?
False
Is 96361399 composite?
False
Is 296751149 a composite number?
False
Is 21474889967 a prime number?
True
Is 22092977 a composite number?
False
Is 313447153 a composite number?
True
Is 4002587597 a prime number?
False
Is 778705379 prime?
False
Is 2510219861 composite?
True
Is 49937521951 composite?
True
Is 5606967169 composite?
False
Is 1430171 a composite number?
True
Is 68781679 a prime number?
False
Is 233823131 a prime number?
True
Is 1094360011 a prime number?
True
Is 661572797 prime?
True
Is 3366446219 a composite number?
True
Is 5029327663 composite?
True
Is 26076541 composite?
True
Is 8891894351 a composite number?
True
Is 4427434223 composite?
True
Is 1153161421 a composite number?
False
Is 919711561 a prime number?
True
Is 640233535 a composite number?
True
Is 15285059213 a prime number?
True
Is 1704994201 a prime number?
False
Is 125752849093 composite?
True
Is 676392631 composite?
False
Is 41895858755 a prime number?
False
Is 691528547 a composite number?
False
Is 3072789043 composite?
False
Is 24057277 composite?
False
Is 196774141 a prime number?
True
Is 7899159091 a prime number?
False
Is 1690743233 a prime number?
True
Is 221744462 prime?
False
Is 4140639395 a prime number?
False
Is 31247833009 a prime number?
False
Is 729443161 a composite number?
True
Is 2037879923 a prime number?
False
Is 4415142621 a prime number?
False
Is 19768877369 a composite number?
True
Is 232116049 composite?
True
Is 861416603 a prime number?
True
Is 338570173 a prime number?
True
Is 158884207385 a prime number?
False
Is 24711528367 prime?
True
Is 427633429 composite?
True
Is 1086678895 prime?
False
Is 6461961391 composite?
False
Is 13620174269 composite?
True
Is 393400229207 prime?
True
Is 17822373007 a prime number?
False
Is 482038831 composite?
True
Is 10240126051 composite?
False
Is 286588339 prime?
True
Is 183201251 a prime number?
True
Is 1121474759 a prime number?
False
Is 881224147 a prime number?
True
Is 1030642241 a prime number?
False
Is 98406653 a composite number?
False
Is 7621948129 a prime number?
True
Is 358663277342 a prime number?
False
Is 39784083887 a composite number?
False
Is 140711069 a composite number?
False
Is 405013199 prime?
True
Is 34911181 prime?
False
Is 5561039641 a composite number?
False
Is 4157054287 a composite number?
True
Is 995622749 prime?
False
Is 8781784617 a prime number?
False
Is 8207030423 a prime number?
True
Is 19669778677 prime?
True
Is 884088899 composite?
False
Is 10743328331 a prime number?
True
Is 98836564917 prime?
False
Is 14645078941 a composite number?
False
Is 3804686555 a composite number?
True
Is 95370635 prime?
False
Is 190520357 a prime number?
False
Is 5238330557 a composite number?
True
Is 1023842621 composite?
True
Is 16957188949 a composite number?
False
Is 74806808833 a prime number?
False
Is 9838829759 a composite number?
True
Is 10534126133 prime?
True
Is 301471069 prime?
True
Is 758819041 prime?
False
Is 1286311781 prime?
True
Is 940370371 prime?
False
Is 1824704117 composite?
False
Is 12836281 a prime number?
False
Is 78448963 composite?
False
Is 8357881273 a composite number?
True
Is 116934113407 a composite number?
False
Is 1306201133 composite?
False
Is 852370927 a prime number?
False
Is 319515467 a composite number?
False
Is 4532478061 a prime number?
False
Is 38585664727 composite?
True
Is 923809643 a composite number?
True
Is 2158008137 prime?
True
Is 6222490459 prime?
True
Is 8724549287 a composite number?
True
Is 20127518787 composite?
True
Is 645761119 a prime number?
True
Is 126845357 prime?
True
Is 172469123 composite?
True
Is 5096463 composite?
True
Is 86120009 a prime number?
True
Is 3401220763 prime?
False
Is 5388658061 prime?
False
Is 72691272311 prime?
False
Is 5386347731 a prime number?
True
Is 8499425567 a prime number?
True
Is 874752167 a prime number?
True
Is 66304235161 composite?
False
Is 391604029 prime?
True
Is 6375654167 composite?
True
Is 12359278453 a prime number?
True
Is 8945564513 composite?
True
Is 3304721963 composite?
True
Is 85514929 a composite number?
False
Is 2786082241 a prime number?
True
Is 1492913801 composite?
False
Is 30128686447 composite?
True
Is 4173995141 a composite number?
True
Is 1563166589 composite?
False
Is 19293353173 a prime number?
False
Is 3043717829 prime?
False
Is 1259233411 a composite number?
False
Is 4973478409 a composite number?
False
Is 176009023 a prime number?
False
Is 965639 prime?
True
Is 2781282593 prime?
False
Is 2310643771 a composite number?
False
Is 1034217365 a prime number?
False
Is 1180300117 a composite number?
True
Is 5910677 composite?
True
Is 33239344331 a prime number?
False
Is 331618569487 composite?
True
Is 169188541 composite?
False
Is 9601620521 prime?
False
Is 3723752443 a prime number?
False
Is 104321799185 a prime number?
False
Is 10264971 a prime number?
False
Is 4778085673 a prime number?
True
Is 2892354803 a composite number?
True
Is 2001847513 composite?
False
Is 28532058827 prime?
True
Is 214761629139 a prime number?
False
Is 37050709 a composite number?
True
Is 23516195379 composite?
True
Is 191530565 a prime number?
False
Is 4498874947 prime?
False
Is 2575609409 a composite number?
True
Is 12077398103 a prime number?
False
Is 338564041 prime?
False
Is 5676382529 prime?
False
Is 6207983123 prime?
True
Is 5675265293 a prime number?
True
Is 2913093973 composite?
True
Is 161484229 prime?
False
Is 866439667 composite?
True
Is 35943484783 a composite number?
True
Is 5675147347 a prime number?
True
Is 6004975271 a composite number?
True
Is 5405197783 prime?
True
Is 457369271 composite?
True
Is 6539023189 a composite number?
False
Is 71127150251 a prime number?
False
Is 92894837663 prime?
False
Is 350229169 a prime number?
True
Is 9442752961 prime?
False
Is 30817655003 a prime number?
True
Is 7029764849 prime?
True
Is 238415431 a composite number?
True
Is 1667402909 a prime number?
True
Is 1253585527 composite?
True
Is 5213587703 a prime number?
False
Is 610510543 prime?
True
Is 49758337 composite?
True
Is 19116660581 a composite number?
False
Is 4987327187 a prime number?
True
Is 5124852583 composite?
False
Is 538436033 a composite numb